29 = m. What is the units digit of d?
9
Let v be 6*(5/(-3) - -1). What is the units digit of 16 + (-1 - v)*-1?
3
Let j(s) = -s**2 - 7*s + 10. What is the tens digit of j(-7)?
1
Let s = 34 + 10. What is the units digit of s?
4
Suppose -q = q - 4*k - 66, -2*k + 112 = 4*q. What is the units digit of q?
9
Let m(i) = i + 12. What is the units digit of m(0)?
2
Suppose 3*u - 8 = 7. Suppose 5*k - 33 = 4*a, 16 = -k + u*k + 2*a. What is the units digit of k?
5
Suppose -2*z = z. Suppose -l + 1 + 8 = z. What is the units digit of (-1 + 1)/(-3) + l?
9
Suppose -5*f - 2 = -22. Suppose -j + 2 = f, -5*j - 16 = -i. Let l(y) = 3*y - 9. What is the units digit of l(i)?
9
Suppose -4*r = -201 - 95. What is the tens digit of r?
7
Suppose 78*x = 74*x + 1172. What is the tens digit of x?
9
What is the tens digit of (-4)/(-10)*(81 - -4)?
3
Suppose 15 + 395 = 5*f. Let u = f + -49. What is the units digit of u?
3
Suppose 4*l - 105 = 87. What is the units digit of l?
8
Let x = -40 + 73. Suppose 5*v - x - 77 = 0. What is the tens digit of v?
2
Suppose -5*s + 5 = n - 23, 22 = 4*n + 2*s. Let w(y) = -y**2 + 3*y - 4. Let x be w(n). Let p = x + 14. What is the tens digit of p?
1
Let h(m) = m**2 - 4*m + 8. What is the units digit of h(10)?
8
Suppose w + 1 = 80. What is the units digit of w?
9
Suppose -5*w - 3*j = -56, 5*w = -j + 55 - 3. What is the units digit of w?
0
Suppose -42 = 5*j + 53. Let y = j + 32. What is the units digit of y?
3
What is the hundreds digit of (-1550)/(-12) - (3 - (-85)/(-30))?
1
Let s(k) = k + 1. Let l be s(-1). Suppose 36 = 3*d + c, -2*c + 12 = d - l. What is the units digit of d?
2
Let b(y) = 115*y - 6. What is the hundreds digit of b(2)?
2
Let v = 4 + -2. Suppose 0 = 3*w - 4*w + 9. Suppose v*r + w = 25. What is the units digit of r?
8
Let t(g) = 16*g**2 - g. Suppose -2*b + 3 = -5*b. What is the units digit of t(b)?
7
Let f(l) = -l - 9. Let m be f(-16). What is the tens digit of m*7/(14/4)?
1
Let t = 2 - -6. Suppose 4*q - t = 4. What is the units digit of q?
3
What is the tens digit of (-4)/((-32)/(-252))*-10?
1
Suppose 3*s - 8*s + 7 = -d, 5*d - 25 = -5*s. What is the units digit of (2 - -7)*s - 2?
6
What is the tens digit of (315/12)/7*4?
1
Suppose 35 = 3*l - 3*s + 14, -l - 5 = 5*s. Suppose -5*h + 60 = 5*t, 3*t - l*h = -t + 84. What is the units digit of t?
6
Let a be -2 - 2/(2/(-37)). Suppose -3*q = -6*q - 5*w + 105, q - 2*w = a. Suppose 0 = -2*p + q - 3. What is the units digit of p?
6
Suppose -2*d + 7*c + 58 = 3*c, -5*c = -d + 17. What is the units digit of d?
7
What is the tens digit of 6*(-6)/(12/(-23))?
6
Let f(o) = o**2 + o + 1. Let j(l) = -4*l**2 - 10*l + 5. Let p(d) = 3*f(d) + j(d). What is the units digit of p(-6)?
4
Let f be (-165)/(-45) - 1/(-3). Suppose 5*p - f = 4*q + 11, -q = 5*p - 15. What is the units digit of p?
3
Let m(w) = 3*w - 4. Let t = -2 + 7. What is the units digit of m(t)?
1
Suppose -5*c = -4 - 11. Suppose -3*z + 43 = 2*t, c*z + 4*t - 26 = z. Suppose -z = -3*o - 2*o. What is the units digit of o?
3
Suppose -10 = 3*y + 2*y. What is the units digit of (4 - 6)/(y/18)?
8
What is the tens digit of 70/3*(-117)/(-65)?
4
Suppose 108 = -4*j + 416. What is the units digit of j?
7
Let i(o) = -o**3 + 6*o**2 + 6*o + 10. Let t be i(7). Let v = t - 1. Suppose -k + 1 = -v, l = -k + 17. What is the tens digit of l?
1
Let b(w) = -w + 10. Suppose 0 = 7*k - 4*k. Suppose k*n - 7 = -n. What is the units digit of b(n)?
3
Let b(p) = p**3 - 3*p**2 - 3*p - 29. What is the hundreds digit of b(8)?
2
Let l be (0 - -1*2) + 2. Suppose -5*x - 5*y + 5 = -60, 2*y = x - l. What is the units digit of x?
0
Suppose -k + 4 = -62. What is the units digit of k?
6
Let r(p) = -25*p + 17. Let b be r(-7). Suppose -4*n = 5*v - b, 0 = 2*v + 4*n - 88 + 16. What is the tens digit of v?
4
Suppose 3*t + 2*k = 823, t + 269 = 2*t - 2*k. What is the units digit of t?
3
Suppose -1535 = -4*h + 5*d, 5*h - 775 = 3*h - 5*d. What is the units digit of h?
5
What is the units digit of 2807/28 + 2/(-9 + 1)?
0
Suppose -2*w - 6*w + 528 = 0. What is the tens digit of w?
6
Suppose -2*v + 30 = 4*f + 10, 3*v - 4*f = -10. Let m be ((-3)/(-3)*10)/v. Suppose m*u - 70 = 5*r, -2*u - r = -4*u + 23. What is the units digit of u?
9
Suppose 5*i + 2*z - 503 = 0, -5*z - 178 = i - 3*i. What is the tens digit of i?
9
What is the units digit of 3/4 + (-1090)/(-40)?
8
Suppose g = -2*a + 108, a + 2*g = -2*a + 163. What is the tens digit of a?
5
Let n = -7 + 10. Suppose -b + 2*k - n*k + 40 = 0, -3*k + 85 = 2*b. Suppose 21 = 3*h - 2*c - 4, 3*h - 4*c = b. What is the units digit of h?
5
Suppose -4*k = -26 + 6. What is the units digit of k?
5
Let w(x) = x**3 + 3*x**2 - 5*x - 3. Let b be w(-4). Let q be (-1 + b - -9) + 2. Suppose 4*h - q = 1. What is the units digit of h?
3
Let d be (-1)/(-1)*20/(-2). What is the tens digit of (d/25)/(1/(-35))?
1
Let c be (8/(-3))/((-4)/1410). What is the tens digit of c/30 - (-1)/(-3)?
3
What is the tens digit of 1/(-1*(0 + -1)) + 102?
0
Suppose 4*f = -f + 65. Suppose -7 - 23 = -3*m - 3*x, -4*x + f = m. What is the units digit of m?
9
Let k = 78 - 62. What is the units digit of k?
6
What is the tens digit of 35 + -4 + (-30)/(-5)?
3
Let n(r) = -r**3 - 3*r**2 - 2*r - 4. Let a be n(-3). Suppose 5*l = -a*x + 39, -15 = -7*l + 4*l. What is the units digit of x?
7
Let r(i) = i + 18. Let f be r(-15). What is the tens digit of f/12 + 525/12?
4
Let o = -35 + 61. Suppose o = -3*p + 68. What is the tens digit of p?
1
Let k(i) = -4*i - 6. Let b be k(-12). Let d = b + -29. What is the tens digit of d?
1
Suppose -3*p + 48 = 3*u, 4*p = 4*u - 0*u + 64. Suppose 2*t = -2*t + p. What is the units digit of t?
4
Let n(w) = w**2 + 2*w - 2. Let t be n(-3). Let s be (0/2)/(t + 0). Suppose -2 = -m - s*m. What is the units digit of m?
2
Let y = 590 - 382. What is the tens digit of y?
0
Let r(t) = -t**2 - 12*t - 8. Let l be r(-11). Suppose -4 = -l*u + 5. Suppose -u*b = -b - 42. What is the units digit of b?
1
Suppose 0 = f - m - 37, -5*f = -m + 6*m - 175. Let n be 4*159/f*3. Suppose 2*k = 2*r + r + 9, r - n = -4*k. What is the units digit of k?
2
Suppose -33 = 3*w + f, 5*w + 28 = -2*f - 28. What is the units digit of (w/(-25))/(1/10)?
4
What is the tens digit of 196/5 - 8/40?
3
What is the tens digit of (-2)/(-6)*(1 + 145 + 1)?
4
Let g(d) = -d + 7. Let n be g(3). Let h = 0 + 2. Suppose -6 = -n*u - h*r, -16 = -5*u + 2*r - 4. What is the units digit of u?
2
Let k be -3*(-2)/(-2 + 4). Let f = 6 - k. Suppose -f*v + 4 = -2. What is the units digit of v?
2
Let w(u) = 3*u**2 + 2*u - 14. What is the units digit of w(-6)?
2
Suppose 5*z + m - 1 = 94, 0 = -2*m + 10. Suppose 6*q = 2 + 4. What is the tens digit of z + (2 - 1/q)?
1
Suppose -3*u - 1172 + 128 = -5*v, 2*v + 2*u - 424 = 0. What is the hundreds digit of v?
2
What is the hundreds digit of 593/3 + (-14)/21?
1
Let h be 0 + 0 + 5*1. Let w(x) = -6*x + 3. Let y be w(-2). Suppose -h = -f + 2*m, 0 = 5*f - 2*f + 5*m - y. What is the units digit of f?
5
Suppose 17 = -l + 6*x - x, -1 = -2*l + 3*x. Suppose -4*h + 0*j = -2*j - l, 3 = 3*h - 3*j. Suppose h*y - 45 = 6. What is the units digit of y?
7
Let y = -65 + 166. What is the hundreds digit of y?
1
Suppose -3*i - 5*x + 26 = -2*i, 5*i + 2*x = 153. Suppose -n - 25 = -4*n + 2*f, 0 = -3*n + 5*f + i. What is the units digit of n?
7
Suppose -3*i + 13 + 134 = 0. What is the tens digit of i?
4
Let h(d) = -d**3 - 6*d**2 - 2*d - 1. Let f(b) = b - 2. Let j be f(-4). What is the tens digit of h(j)?
1
Suppose -7*k + 94 = -5*k. What is the tens digit of k?
4
Let u(i) = -3*i**2 + i + 1. Let q be u(-1). What is the units digit of (q + (-8)/(-3))*-6?
2
Let k(b) be the second derivative of b**4/8 + 5*b**3/6 + 2*b**2 - 2*b. Let c(v) be the first derivative of k(v). What is the units digit of c(4)?
7
Suppose 140 = 3*i + 14. Suppose 0 = -3*f - 0*f + i. What is the tens digit of f?
1
Suppose -s + 5*f + 21 = 0, -4*f = 3*s - 4*s + 18. Let r = 5 - s. What is the units digit of (r/(-3))/((-2)/(-66))?
1
Let x be -6*(0 - (-6)/(-9)). Let c = 31 + x. What is the tens digit of c?
3
Suppose 2*t - 3*t + 109 = 0. What is the tens digit of t?
0
What is the units digit of (1 + 2)/(15/380)?
6
Let v(s) = s**3 - 4*s**2 - 4*s - 3. What is the units digit of v(5)?
2
Let p(t) = -t**3 - 4*t**2 + 7*t + 15. What is the units digit of p(-6)?
5
Suppose 5*p = 